{"id":2,"date":"2016-05-10T03:48:21","date_gmt":"2016-05-10T03:48:21","guid":{"rendered":"http:\/\/cetaautomatismos.com\/?page_id=2"},"modified":"2024-09-05T21:38:59","modified_gmt":"2024-09-05T21:38:59","slug":"sample-page","status":"publish","type":"page","link":"https:\/\/cetaautomatismos.com\/","title":{"rendered":"Inicio"},"content":{"rendered":"\n<figure class=\"wp-block-image size-full is-style-default\"><img decoding=\"async\" src=\"https:\/\/cetaautomatismos.com\/wp-content\/uploads\/2024\/09\/Ceta-Automatismos_La-Rioja_Navarra-1.jpg\" alt=\"\" class=\"wp-image-62\"\/><\/figure>\n\n\n<h1>\u00a0<\/h1>\n<h1 style=\"text-align: center;\"><strong>CETA AUTOMATISMOS<\/strong><br \/><img loading=\"lazy\" decoding=\"async\" class=\"aligncenter wp-image-52 size-large\" src=\"https:\/\/cetaautomatismos.com\/wp-content\/uploads\/2020\/07\/ceta_automatismos_arreglos-1024x683.jpg\" alt=\"\" width=\"525\" height=\"350\" srcset=\"https:\/\/cetaautomatismos.com\/wp-content\/uploads\/2020\/07\/ceta_automatismos_arreglos-1024x683.jpg 1024w, https:\/\/cetaautomatismos.com\/wp-content\/uploads\/2020\/07\/ceta_automatismos_arreglos-300x200.jpg 300w, https:\/\/cetaautomatismos.com\/wp-content\/uploads\/2020\/07\/ceta_automatismos_arreglos-768x512.jpg 768w, https:\/\/cetaautomatismos.com\/wp-content\/uploads\/2020\/07\/ceta_automatismos_arreglos-1536x1024.jpg 1536w, https:\/\/cetaautomatismos.com\/wp-content\/uploads\/2020\/07\/ceta_automatismos_arreglos-2048x1365.jpg 2048w\" sizes=\"auto, (max-width: 525px) 100vw, 525px\" \/><\/h1>\n<h3><span style=\"color: #0000ff;\"><strong>PUERTAS AUTOM\u00c1TICAS Y MANUALES<br \/><\/strong><\/span><\/h3>\n<h3><span style=\"color: #0000ff;\"><strong>TOLDOS (renovaci\u00f3n de lonas y monitorizaci\u00f3n)<\/strong><\/span><\/h3>\n<h3><span style=\"color: #0000ff;\"><strong>MANTENIMIENTO GENERAL<\/strong><\/span><\/h3>\n<p style=\"text-align: center;\">Nuestra especialidad son los hogares y particulares; <br \/>tambi\u00e9n atendemos en <strong>GARAJES<\/strong>, <strong>EMPRESAS<\/strong>, <strong>COMUNIDADES DE VECINOS<\/strong>, <strong>COMERCIOS,&#8230;<\/strong><\/p>\n<ul>\n<li><span style=\"color: #0000ff;\"><strong>REPARACI\u00d3N<\/strong><\/span><\/li>\n<li><span style=\"color: #0000ff;\"><strong>\u00a0MANTENIMIENTO<\/strong><\/span><\/li>\n<li><span style=\"color: #0000ff;\"><strong>\u00a0INSTALACION <\/strong><\/span><\/li>\n<\/ul>\n<p><img loading=\"lazy\" decoding=\"async\" class=\"aligncenter wp-image-51 size-large\" src=\"https:\/\/cetaautomatismos.com\/wp-content\/uploads\/2020\/07\/ceta_automatismos_empresas-1024x683.jpg\" alt=\"\" width=\"525\" height=\"350\" srcset=\"https:\/\/cetaautomatismos.com\/wp-content\/uploads\/2020\/07\/ceta_automatismos_empresas-1024x683.jpg 1024w, https:\/\/cetaautomatismos.com\/wp-content\/uploads\/2020\/07\/ceta_automatismos_empresas-300x200.jpg 300w, https:\/\/cetaautomatismos.com\/wp-content\/uploads\/2020\/07\/ceta_automatismos_empresas-768x512.jpg 768w, https:\/\/cetaautomatismos.com\/wp-content\/uploads\/2020\/07\/ceta_automatismos_empresas-1536x1024.jpg 1536w, https:\/\/cetaautomatismos.com\/wp-content\/uploads\/2020\/07\/ceta_automatismos_empresas.jpg 1996w\" sizes=\"auto, (max-width: 525px) 100vw, 525px\" \/><\/p>\n<p><strong>SERVICIO R\u00c1PIDO:<\/strong><\/p>\n<ul>\n<li style=\"list-style-type: none;\">\n<ul>\n<li style=\"list-style-type: none;\">\n<ul>\n<li style=\"list-style-type: none;\">\n<ul>\n<li style=\"list-style-type: none;\">\n<ul>\n<li style=\"list-style-type: none;\">\n<ul>\n<li style=\"list-style-type: none;\">\n<ul>\n<li>NORMALES 2 D\u00cdAS<\/li>\n<li>URGENTES LAS 24 HORAS<\/li>\n<\/ul>\n<\/li>\n<\/ul>\n<\/li>\n<\/ul>\n<\/li>\n<\/ul>\n<\/li>\n<\/ul>\n<\/li>\n<\/ul>\n<\/li>\n<\/ul>\n<p><strong>EFICIENCIA Y EXPERIENCIA <\/strong><\/p>\n<p><strong>SERIEDAD<\/strong>: Empresa \u00a0autorizada y certificada para cumplimiento de la normativa UNE-EN ISO 12.635.2002<\/p>","protected":false},"excerpt":{"rendered":"<p>\u00a0 CETA AUTOMATISMOS PUERTAS AUTOM\u00c1TICAS Y MANUALES TOLDOS (renovaci\u00f3n de lonas y monitorizaci\u00f3n) MANTENIMIENTO GENERAL Nuestra especialidad son los hogares y particulares; tambi\u00e9n atendemos en GARAJES, EMPRESAS, COMUNIDADES DE VECINOS, COMERCIOS,&#8230; REPARACI\u00d3N \u00a0MANTENIMIENTO \u00a0INSTALACION SERVICIO R\u00c1PIDO: NORMALES 2 D\u00cdAS URGENTES LAS 24 HORAS EFICIENCIA Y EXPERIENCIA SERIEDAD: Empresa \u00a0autorizada y certificada para cumplimiento de la &hellip; <\/p>\n<p class=\"link-more\"><a href=\"https:\/\/cetaautomatismos.com\/\" class=\"more-link\">Continuar leyendo<span class=\"screen-reader-text\"> \u00abInicio\u00bb<\/span><\/a><\/p>\n","protected":false},"author":1,"featured_media":0,"parent":0,"menu_order":0,"comment_status":"closed","ping_status":"closed","template":"","meta":{"footnotes":""},"class_list":["post-2","page","type-page","status-publish","hentry"],"_links":{"self":[{"href":"https:\/\/cetaautomatismos.com\/index.php?rest_route=\/wp\/v2\/pages\/2","targetHints":{"allow":["GET"]}}],"collection":[{"href":"https:\/\/cetaautomatismos.com\/index.php?rest_route=\/wp\/v2\/pages"}],"about":[{"href":"https:\/\/cetaautomatismos.com\/index.php?rest_route=\/wp\/v2\/types\/page"}],"author":[{"embeddable":true,"href":"https:\/\/cetaautomatismos.com\/index.php?rest_route=\/wp\/v2\/users\/1"}],"replies":[{"embeddable":true,"href":"https:\/\/cetaautomatismos.com\/index.php?rest_route=%2Fwp%2Fv2%2Fcomments&post=2"}],"version-history":[{"count":15,"href":"https:\/\/cetaautomatismos.com\/index.php?rest_route=\/wp\/v2\/pages\/2\/revisions"}],"predecessor-version":[{"id":108,"href":"https:\/\/cetaautomatismos.com\/index.php?rest_route=\/wp\/v2\/pages\/2\/revisions\/108"}],"wp:attachment":[{"href":"https:\/\/cetaautomatismos.com\/index.php?rest_route=%2Fwp%2Fv2%2Fmedia&parent=2"}],"curies":[{"name":"wp","href":"https:\/\/api.w.org\/{rel}","templated":true}]}}